 divided by g?
9
Let v(c) = 1. Let g(p) = p - 3. Let u(i) = -g(i) - 6*v(i). Let j be u(-3). Suppose j = -y + 12*y - 1287. Calculate the remainder when y is divided by 40.
37
Let c(z) = -371*z + 1612. What is the remainder when 310 is divided by c(4)?
54
Let i(b) = 24*b**2 - b + 4. Let t(q) = -24*q**2 + q - 5. Let g(u) = 6*i(u) + 5*t(u). Let o = -1258 + 1329. Calculate the remainder when o is divided by g(-1).
23
Suppose 136 = 3*w - 41. Suppose -12*j = -423 - 93. Suppose -j = 3*d - 94. Calculate the remainder when w is divided by d.
8
Suppose -o + 138 = -3*h + 6*h, 0 = -h - 2*o + 46. Suppose -30*r - 1668 = -3618 - 6060. Calculate the remainder when r is divided by h.
37
Let d(w) = 2*w**2 + 15*w - 3. Let z be d(-9). Suppose -3*a + 4*a = z. Calculate the remainder when 55 is divided by 3/a + 333/24.
13
Suppose 2*k = 105 - 91, -3*k - 337 = -2*p. Let d(t) = 5*t - 2. Suppose 0*n = -5*n + 15. What is the remainder when p is divided by d(n)?
10
Let l(k) be the third derivative of k**4/24 + 3*k**3/2 - 7*k**2. Let h(n) = n**2 + n - 5. Let s be h(-5). Calculate the remainder when 92 is divided by l(s).
20
Let a = 505 - 487. Let f = 202 - 129. Let s = f - 43. Calculate the remainder when s is divided by a.
12
Suppose 2*p - 119 = -55. Suppose 0*c + 5*c = -20, -v - 5*c = -86. What is the remainder when v is divided by p?
10
Suppose g - 32 = x, -128 = -4*g - 6*x + 18*x. Calculate the remainder when 565 is divided by g.
21
Suppose -v - v - 76 = -a, -5*a + v + 362 = 0. What is the remainder when a is divided by ((-981)/(-36) + -18)/(1/4)?
35
Let h(i) = 14*i + 98. Let k be h(-7). Calculate the remainder when 48 is divided by (-1)/(-2)*42 + k.
6
Suppose 0 = 2*v - 11*s + 6*s + 118, -5*v + 4*s - 312 = 0. What is the remainder when 95 is divided by ((-72)/v)/((-1)/(-24))?
14
Let b(k) = 29*k**2 - k - 1. Let a = -245 - -98. Calculate the remainder when -7*-129*(-14)/a is divided by b(-1).
28
Let m(o) = 7*o**3 + 121*o**2 - 4*o - 177. What is the remainder when m(-17) is divided by 64?
21
Let b(p) = -72*p - 4736. Let r(h) = 0*h - h**2 + 3 - 2*h + 5*h**2. Calculate the remainder when b(-67) is divided by r(2).
13
Let a(t) = 2*t + 6. Let o = -43020 + 43031. What is the remainder when a(6) is divided by o?
7
Let q = -14189 + 14198. What is the remainder when 9557 is divided by q?
8
Let a(x) = -x + 7. Let j(f) = -3*f**2 - 18*f - 7. Calculate the remainder when j(-3) is divided by a(0).
6
Let a be (18 - (-300)/(-18))/((-2)/(-6)). What is the remainder when (-2)/(-5) - (-413)/5 is divided by ((4/(-12))/(-1))/(a/372)?
21
Suppose 16*a + 3665 - 4065 = 0. Calculate the remainder when 168 is divided by a.
18
Let k(g) = 10*g + 10. Let s be k(0). Let r be 2/4 - (-55)/s. Suppose -63 = -9*n + r*n. Calculate the remainder when 60 is divided by n.
18
Let f be (222 - 4)*(-2)/(-12)*3. Suppose -9*y + f = 5*h - 6*y, 0 = -5*y + 15. Let x = 63 - h. Calculate the remainder when x is divided by 22.
21
Let p(s) = -82*s**2 + 137*s**2 - 64*s**2 + 12 + s**3 - 59*s. Calculate the remainder when p(14) is divided by 8.
6
Suppose -15*m - 54*m = -37870 - 10913. What is the remainder when m is divided by 71?
68
Let i(k) = k - 1. Let d be i(5). Suppose 3*o - 2*x = -d*x + 8, 8 = -2*o - 4*x. Suppose -1350 = -27*r - 1107. Calculate the remainder when r is divided by o.
3
Suppose -2*a + 735*j - 739*j + 60 = 0, -126 = -4*a - 2*j. What is the remainder when 1377 is divided by a?
1
Let o = 12466 - 12454. Calculate the remainder when (-74)/(-3) + (-6)/9 is divided by o.
0
Let t(j) = 2*j**3 + 33*j**2 - 9*j + 28. Let p be t(-16). Let h = 430 - p. Calculate the remainder when 116 is divided by h.
0
Let l(s) = s**2 - 3*s + 54. Let q(v) = v**2 - 12*v + 11. Let h be ((-286)/(-104))/(1/4). Let a be q(h). What is the remainder when l(a) is divided by 19?
16
Let c(u) = -37*u - 38. Let x be c(-4). Suppose -74 = -3*s + w, 0 = -4*s - s - 5*w + x. Calculate the remainder when 31 is divided by s.
7
Let q(o) = 40*o. Let h be q(1). Suppose -h = -l - 4*l. Let n(p) = -p**3 - 12*p**2 + 14*p + 16. What is the remainder when l is divided by n(-13)?
2
Suppose -3*p + 9 = 3. Suppose -4*n = -5*u + 4 + 36, p*n = -4*u + 32. Calculate the remainder when 52 is divided by u.
4
Let c(m) = m**3 - 10*m**2 - 96*m + 1245. Calculate the remainder when c(17) is divided by 50.
36
Let i(w) = 12*w**2 + 331*w - 97. What is the remainder when i(-32) is divided by 20?
19
Let v(k) = 24*k + 7. Let r be v(5). Suppose 4*f - 3*n - 345 = -f, -2*f - n = -r. Let g(l) = -4*l - 1. Calculate the remainder when f is divided by g(-6).
20
Suppose -5 = -x - 3. Suppose -m + x*v - 1 = 4*m, m + 4*v = 13. What is the remainder when (-3 - 0)*m/((-12)/536) is divided by 34?
32
Suppose z - 973 = -8*y + 5*y, -5*z + 4903 = -4*y. Let k = z + -957. Calculate the remainder when 44 is divided by k.
0
Suppose 5*n = -13*n + 90. Let h(q) = -q**2 + 9*q - 2. Calculate the remainder when 160 is divided by h(n).
16
Suppose 0 = 264*p - 133*p - 786. Calculate the remainder when 1343 is divided by p.
5
Let w(f) = -24*f + 3. Let r(o) = -6*o + 2. Let s(m) = -15*r(m) + 4*w(m). Let k(g) = -5*g - 4. Calculate the remainder when s(-8) is divided by k(-5).
9
Let i be 3 + 1 - (-2 - -8)/(-2). Suppose -2*f + 677 - 251 = 0. What is the remainder when f is divided by -2 + i + (16 - -6)?
24
Suppose 0 = -3*f + 31 - 136. Let a be 5/(-3 + f/(-10)). Suppose -a*c = -11*c + 14. What is the remainder when 23 is divided by c?
9
Let f = 57096 + -57077. Suppose g - 7 = 5*a + 26, 0 = -g - a + 27. Calculate the remainder when g is divided by f.
9
Suppose -118*r + 9*r - 36*r = -1103885. What is the remainder when r is divided by 56?
53
Suppose -2378 = -66*u + 466 + 654. What is the remainder when 1346 is divided by u?
21
Let k be (-93)/18 + (-3)/(-18). Let a(w) = -w**3 - 3*w**2 + 10*w + 3. Let z be a(k). Let y(h) = 7*h + 5. What is the remainder when y(z) is divided by 14?
12
Suppose 195412 = 5*j + 116*z - 119*z, -39122 = -j + 5*z. Calculate the remainder when j is divided by 18.
17
Suppose -3*v - 32 = b, -19*b + 15*b = 4*v + 112. Let c = b - -31. Calculate the remainder when c is divided by 5.
0
Let j(r) = 1. Let f(h) = 2*h + 6. Suppose -5 = -5*t - 0. Let i(x) = t*f(x) - 4*j(x). Calculate the remainder when i(11) is divided by 13.
11
Let p(o) = 2513*o**3 - 2512*o**3 + 6*o**2 + 15*o + 2 - 14*o**2. Suppose -h + 12 = 3*n, -3*h = -n - h + 11. What is the remainder when n is divided by p(5)?
1
Let d(c) = 2*c**2 - 12*c + 12. Let h be d(7). Let w = h - 8. Calculate the remainder when 179 is divided by w.
17
Calculate the remainder when (115/2)/(55/132) is divided by 90.
48
Let r = 25 - -13. Let u(z) = -2*z + 51. Let j be u(25). Suppose w + 4*i = j, -5*w - 3*i - 18 = -74. Calculate the remainder when r is divided by w.
12
Let p be (-14)/(-4) + 3/6. Suppose 0 = -4*t - p*h + 148, 37 = 2*t - t - 3*h. Calculate the remainder when t is divided by 9/((-18)/(-26)) - -7.
17
Let n = 43 - 37. Let z be ((-627)/n - 1)/(1/(-2)). Let v = -151 + z. Calculate the remainder when v is divided by 21.
18
Let l(j) = 59*j - 340. Let r = -13 - -19. What is the remainder when 26 is divided by l(r)?
12
Calculate the remainder when 0/10 - (-23)/(46/60) is divided by 27.
3
Let l(g) = -g**2 + 13*g + 78. Let r be l(17). What is the remainder when (9/(-6))/((-6)/184) is divided by (r - 11)/((-4)/136*2)?
12
Let o = 65 + -31. Suppose -3*k + 5*v + 233 = 0, 96 = k + 17*v - 15*v. Calculate the remainder when k is divided by o.
18
Let h(g) = -g**2 - 2*g + 20. Let l be h(-5). Suppose 0 = 3*t + 3*s - 45, l*s + 14 + 7 = 3*t. What is the remainder when 42 is divided by t?
6
Let g = -73 + 129. Calculate the remainder when (-9 + -2)/((-28)/g) is divided by 8.
6
Let r(g) = -6*g - 16. Let o be r(-2). What is the remainder when -6*((-6)/(-2) - o/(-1)) is divided by 4?
2
Calculate the remainder when (-144)/(-264)*(46 - 2) is divided by ((-3)/(-6) + 0)*48.
0
Suppose 0*y - 4 = w + 3*y, y = -5*w - 20. Calculate the remainder when 46 is divided by 31 + 3 - (2 - w).
18
Calculate the remainder when 2265 is divided by -7 + 14 + -14 - 175/(-5).
25
Let z(t) = t**2 + 12*t + 18. Let o(j) = -j + j + 3 - 8*j + 6*j - j**2. Let x be o(-5). What is the remainder when 32 is divided by z(x)?
14
Suppose 18*c = -5 + 59. Suppose -2*k - 117 = -5*o + 79, -5*k = c*o - 99. What is the rem